 + 4. What is the highest common divisor of t and q?
20
Let i = -58 + 61. Suppose 0 = -3*c - 5*n + 45, -i*c - 3*n + 7*n = -18. Calculate the greatest common factor of 25 and c.
5
Suppose 0 = -55*i + 62*i - 1197. What is the greatest common divisor of i and 19?
19
Let h = 1340 - 90. Calculate the highest common factor of h and 10.
10
Let j(o) = -o**3 + 15*o**2 - o + 19. Let h be j(15). Suppose 6*i - h*i - 16 = 0. Let b be 0 + (222/4 - (-5)/10). What is the greatest common factor of b and i?
8
Let a(u) = -u**2 + 12*u + 25. Let m be a(12). Suppose -m - 19 = -4*j. What is the greatest common factor of 121 and j?
11
Let t = -772 - -463. Suppose -469 = 3*s - 2*s. Let d = t - s. Calculate the highest common divisor of d and 20.
20
Let s(r) = -9*r - 15*r - 2*r + 28. Let k be s(-6). Calculate the greatest common factor of k and 23.
23
Let w = 62 - 58. Suppose w*d + 4 = 24. Calculate the greatest common divisor of d and 5.
5
Suppose m = 3, -g + 2*m = 5*m - 192. Let w = g + 70. Calculate the highest common divisor of 23 and w.
23
Let k(g) = 2*g**3 - 27*g**2 + 22*g - 91. Let w be k(13). Calculate the highest common divisor of w and 1.
1
Let t(o) = o**3 - 6*o**2 - o + 8. Let a be t(8). Calculate the highest common factor of 336 and a.
16
Let o(y) = -y**3 + 8*y**2 + 10*y - 4. Let i be o(9). Suppose -i*z + d = -78, -d = -2*z + 30 + 3. Calculate the greatest common divisor of z and 30.
15
Suppose -837 = -22*c + 13*c. Suppose 3*s + c = 237. Let b be (-1)/4 + 578/8. Calculate the greatest common divisor of b and s.
24
Let r be ((-8)/(-6))/(32/1008). Let w be 4/14 + (-3951)/(-63). What is the greatest common divisor of r and w?
21
Suppose -5 = d - 8. Suppose -l - 8 = -3*l - d*v, 3*v + 12 = 0. What is the highest common factor of 2 and l?
2
Suppose -3*f = 9 - 84. Suppose 3*b + f = 2*u + 2*b, 4*u - b = 47. What is the greatest common divisor of 22 and u?
11
Let t = -38 - -84. Suppose -x - x - t = -i, 0 = -2*i - x + 82. Calculate the highest common factor of i and 14.
14
Suppose -9*x + 12*x = w + 1886, 0 = -x + 3*w + 642. Calculate the highest common factor of 66 and x.
33
Let w be ((-4)/18)/(-1) + (-4470)/(-54). Suppose -w = 4*m - 183. Calculate the highest common factor of m and 50.
25
Let n be (9/15)/(2/10). Suppose 2*j + 5 = -n*j, 3*w = -j + 494. Suppose a = -10 + 25. What is the greatest common factor of a and w?
15
Let s be (2/(-3))/(6/9). Let h be 3/(s - 14/(-8)). Let f(a) = a**3 + 2*a**2 - 11*a - 8. Let u be f(-3). What is the greatest common factor of h and u?
4
Let z be 68/10 - (-14)/70. Let x be z - ((-8)/2 - -7). What is the greatest common divisor of 24 and x?
4
Suppose 17*d + 87 - 886 = 0. What is the greatest common factor of d and 1?
1
Let z(i) = -18*i**3 + 180*i**2 + 8*i + 22. Let k be z(10). Calculate the highest common factor of k and 1394.
34
Suppose l + 13 - 93 = 0. Let g = 114 - l. What is the highest common factor of g and 85?
17
Let p(m) = m**3 - 2*m**2 + 4*m + 4. Let q(g) = -2*g**2 + 11*g + 10. Let i be q(6). Let b be p(i). What is the greatest common factor of b and 78?
26
Let i = 217 - 140. Suppose 5*x - 50 = 5*m, -4*m - m - 15 = 0. What is the highest common factor of x and i?
7
Let g = -13 - -301. Calculate the highest common factor of 32 and g.
32
Let d(z) = -2*z**2 + 20*z + 1. Let t(i) = i**3 + 6*i**2 + 3*i. Let a be t(-5). Let v be d(a). What is the highest common factor of v and 4?
1
Suppose -z - 10 = -13. Suppose 2*f - i = 54, f - z*i + 88 = 5*f. Let g be (-1 - 1 - -27) + 0. What is the greatest common divisor of g and f?
25
Let x be 4/(-16) + (-154)/(-8). Let k = x + -13. What is the highest common factor of 2 and k?
2
Let o(w) be the second derivative of -w**5/20 - w**4/4 - 2*w**3/3 - w**2/2 + w. Let n be o(-3). Let s = n - -5. What is the highest common divisor of 16 and s?
16
Let t be (-1064)/(-40) + 3 + (-6)/(-15). Calculate the greatest common factor of t and 20.
10
Let p(q) = q**3 - 3*q**2 - q + 5. Let s be p(3). Let n = 26 + s. Suppose 5*u - 248 = -n. What is the greatest common divisor of 22 and u?
22
Let i = 66 - 26. Let t = -61 - -85. Calculate the greatest common divisor of i and t.
8
Let y be (5/15)/((-3)/(-135))*1. Suppose -4*s + 23 = -z, -5*s = -2*z - 28 - 3. Calculate the highest common factor of s and y.
5
Let l = -2076 - -2138. Calculate the highest common divisor of l and 558.
62
Let n(a) be the first derivative of -7*a**2/2 - 14*a - 12. Let f be n(-4). What is the highest common divisor of 14 and f?
14
Let l be ((-27)/(-6))/(3994/(-1000) + 4). What is the greatest common divisor of l and 20?
10
Let i(b) = -70*b + 65. Let x be i(-10). Calculate the greatest common factor of 306 and x.
153
Suppose 0 = p + 4*p - 105. Suppose -7*r + 432 = -303. What is the greatest common divisor of r and p?
21
Suppose 3*o + 212 = 4*a + 34, -3*o + 6 = 0. Calculate the highest common factor of 322 and a.
46
Let g(k) = k**3 + 9*k**2 - 11*k - 7. Let v be g(-10). Let u be 6/(-6) + (3/v - -75). Let c = 27 + 3. What is the highest common factor of c and u?
15
Let v be (-7 + (-2)/(-2))*-1. Suppose 5 - 11 = -i. Calculate the greatest common factor of v and i.
6
Let h = -550 - -361. Let a = -57 - h. What is the greatest common divisor of 12 and a?
12
Let t(o) = 33*o + 709. Let z be t(-20). Let v(g) = g**3 + 5*g**2 + g - 5. Let r be v(-4). Calculate the greatest common factor of r and z.
7
Suppose 231*g + 3968 = 239*g. Calculate the greatest common factor of g and 80.
16
Let l be 10*(5 + 7)/2. What is the highest common divisor of 10 and l?
10
Let v be 13/(13/(-66))*(-667)/46. What is the greatest common factor of v and 66?
33
Let j(y) = 15*y**2 - 5*y - 13. Let w be j(-2). What is the highest common divisor of w and 1653?
57
Let v(w) = 13*w**2 + 2*w - 1. Let d be v(1). Let i = -133 - -76. Let z = i - -169. Calculate the greatest common divisor of d and z.
14
Let u be (0 + -1)*1 - -6. Let v = -517 - -519. Calculate the greatest common divisor of u and v.
1
Let b be 12/15 + (-9112)/(-10) + -12. Calculate the highest common divisor of 120 and b.
60
Let w = 565 - 512. Calculate the highest common divisor of w and 1007.
53
Let d = -106 + 190. Calculate the highest common factor of d and 210.
42
Suppose -t + 31 = 10. Let g be (-14)/(-1)*(-17)/(-17). Calculate the greatest common factor of g and t.
7
Suppose -5*i = -2*t - 112 - 110, 0 = -2*i - 3*t + 85. Calculate the highest common factor of 154 and i.
22
Let x be 7/((1/14)/((-91)/(-14))). What is the highest common divisor of x and 13?
13
Let l be -5*1/(0 - -1). Let j be l + 4*(-12)/(-16). Let i be (6/5)/(j/(-15)). What is the greatest common factor of i and 9?
9
Suppose 0 = -0*m - 5*m + 5*h, 0 = -3*h + 12. Suppose -w = -r - 10 + 3, -2*w - m*r = 16. Suppose w*y - 3 - 1 = 0. What is the greatest common factor of y and 4?
2
Let j be (-24)/16 + 135/30. Suppose -3*h + 18 = -4*i - 5, h - 4*i - 21 = 0. Calculate the highest common divisor of h and j.
1
Let l be -12*(0 - (-3)/(-6)). Let o be ((-14)/l)/((-15)/225). Suppose 3*a + 0*a - 5 = 5*x, -a + o = 5*x. What is the greatest common factor of a and 10?
10
Suppose 4*o - 5*p - 39 = -4*p, -5*o = -3*p - 40. Suppose -8*b - 21 = -o*b. Suppose s - b = 1. Calculate the greatest common factor of s and 64.
8
Let r = 2916 - 2912. What is the greatest common divisor of 17 and r?
1
Let d = 224 - 107. Calculate the greatest common divisor of d and 27.
9
Let j = 670 - 228. Suppose 0 = 3*n - j + 112. Let b(x) = -x + 10. Let m be b(0). What is the greatest common divisor of n and m?
10
Let a be ((-18)/(-36))/((-5)/(-450)). What is the greatest common divisor of a and 465?
15
Let k be (4/(-15))/((-17)/1870)*3. Let m = k - 74. What is the highest common divisor of m and 4?
2
Let o(u) = 2*u + 18. Let z(x) = -x**3 + 12*x**2 + x - 12. Let j be z(12). Let h be o(j). Let d = -112 - -184. Calculate the highest common factor of h and d.
18
Let p be 1/(-9)*-3*(-3627)/(-13). Calculate the highest common divisor of 1829 and p.
31
Let c(l) = 2*l + 1. Let f be c(2). Suppose k - f*k = -8. Suppose 10 = -3*x + 4*p, 5*x + k*p - p - 14 = 0. Calculate the greatest common divisor of 18 and x.
2
Suppose 13*v - 10*v = 78. Calculate the greatest common divisor of 52 and v.
26
Let t(f) = -3 - 3*f + 3 + 3 + 1. Suppose -4*r - 18 + 2 = 0. Let o be t(r). Calculate the greatest common factor of 